inder when 560545 is divided by 1208.
33
What is the remainder when 107807357 is divided by 662?
657
Calculate the remainder when 6589555 is divided by 366085.
25
What is the remainder when 1296124 is divided by 3229?
1295
What is the remainder when 8916111 is divided by 48?
15
Calculate the remainder when 180260 is divided by 2778.
2468
What is the remainder when 13145 is divided by 2284?
1725
Calculate the remainder when 57687 is divided by 1602.
15
Calculate the remainder when 2754948 is divided by 744.
660
Calculate the remainder when 6883871 is divided by 2200.
71
What is the remainder when 5813025 is divided by 1937651?
72
What is the remainder when 796580 is divided by 125?
80
What is the remainder when 154130602 is divided by 23008?
10
Calculate the remainder when 191961 is divided by 7717.
6753
What is the remainder when 2573199 is divided by 178?
31
Calculate the remainder when 58773 is divided by 57425.
1348
Calculate the remainder when 34837131 is divided by 34837120.
11
Calculate the remainder when 3236153 is divided by 1078714.
11
Calculate the remainder when 532710 is divided by 2616.
1662
Calculate the remainder when 98179021 is divided by 16.
13
Calculate the remainder when 3450428 is divided by 27.
17
Calculate the remainder when 28712455 is divided by 28712430.
25
Calculate the remainder when 2317042 is divided by 579254.
26
What is the remainder when 9658 is divided by 344?
26
Calculate the remainder when 31067 is divided by 31057.
10
What is the remainder when 3025466 is divided by 432209?
3
What is the remainder when 687398 is divided by 224?
166
What is the remainder when 3690169 is divided by 1845081?
7
What is the remainder when 18677791 is divided by 19?
12
What is the remainder when 50525 is divided by 50145?
380
Calculate the remainder when 79907 is divided by 12.
11
Calculate the remainder when 7921087 is divided by 64.
63
Calculate the remainder when 7988147 is divided by 117472.
51
What is the remainder when 390314 is divided by 820?
814
Calculate the remainder when 57975294 is divided by 3516.
3486
What is the remainder when 3844143 is divided by 83?
81
Calculate the remainder when 135089 is divided by 894.
95
Calculate the remainder when 1347041 is divided by 19.
17
Calculate the remainder when 316688 is divided by 1523.
1427
What is the remainder when 126972 is divided by 838?
434
Calculate the remainder when 148979929 is divided by 2.
1
What is the remainder when 37404280 is divided by 5623?
84
Calculate the remainder when 106209 is divided by 327.
261
What is the remainder when 355023 is divided by 175?
123
What is the remainder when 541054 is divided by 1410?
1024
What is the remainder when 31485902 is divided by 19?
14
Calculate the remainder when 2871039 is divided by 12537.
66
Calculate the remainder when 7310452 is divided by 600.
52
Calculate the remainder when 79882 is divided by 1597.
32
What is the remainder when 813355 is divided by 54?
7
Calculate the remainder when 60279 is divided by 60266.
13
Calculate the remainder when 2375675 is divided by 41678.
29
What is the remainder when 27781644 is divided by 58?
50
What is the remainder when 210731400 is divided by 484440?
0
Calculate the remainder when 135655 is divided by 754.
689
Calculate the remainder when 9792031 is divided by 238.
235
Calculate the remainder when 9874926 is divided by 41.
35
What is the remainder when 190746 is divided by 190709?
37
What is the remainder when 1118589 is divided by 120?
69
What is the remainder when 11802345 is divided by 49?
9
What is the remainder when 686370 is divided by 122?
120
What is the remainder when 1195963 is divided by 51992?
147
Calculate the remainder when 12711304 is divided by 211855.
4
What is the remainder when 3405023 is divided by 10844?
7
Calculate the remainder when 3859365 is divided by 1890.
1875
Calculate the remainder when 236472 is divided by 1433.
27
Calculate the remainder when 152286 is divided by 894.
306
What is the remainder when 36830820 is divided by 105?
75
What is the remainder when 1072027 is divided by 5583?
91
What is the remainder when 11830837 is divided by 1376?
1365
What is the remainder when 66441 is divided by 4131?
345
Calculate the remainder when 540734 is divided by 1199.
1184
Calculate the remainder when 33384348 is divided by 9460.
8
What is the remainder when 614499 is divided by 153622?
11
What is the remainder when 257848 is divided by 36816?
136
Calculate the remainder when 521214 is divided by 1401.
42
What is the remainder when 641331 is divided by 128243?
116
Calculate the remainder when 2812804 is divided by 17580.
4
What is the remainder when 4250486 is divided by 1933?
1752
Calculate the remainder when 22805171 is divided by 7872.
7859
Calculate the remainder when 168610 is divided by 84241.
128
Calculate the remainder when 2197839 is divided by 104659.
0
Calculate the remainder when 4054369 is divided by 105.
4
What is the remainder when 766727555 is divided by 42?
41
Calculate the remainder when 5873 is divided by 5819.
54
What is the remainder when 8643302 is divided by 34993?
31
What is the remainder when 13537326 is divided by 3038?
3036
Calculate the remainder when 113306 is divided by 495.
446
What is the remainder when 182439132 is divided by 631?
626
Calculate the remainder when 3725254 is divided by 424.
414
What is the remainder when 29366 is divided by 2784?
1526
Calculate the remainder when 3534812 is divided by 69309.
53
What is the remainder when 3465526 is divided by 1389?
1360
What is the remainder when 2483461 is divided by 413909?
7
What is the remainder when 257724 is divided by 9911?
38
What is the remainder when 136385 is divided by 26740?
2685
What is the remainder when 209783 is divided by 209709?
74
Calculate the remainder when 8838852 is divided by 491041.
114
What is the remainder when 1079560 is divided by 147?
139
What is the remainder when 59442 is divided by 58339?
1103
Calculate the remainder when 580416 is divided by 713.
34
What is the remainder when 4576054 is divided by 47?
40
What is the remainder when 8485492 is divided by 272?
180
Calculate the remainder when 45688184 is divided by 7323.
7310
What is the remainder when 334103 is divided by 167036?
31
What is the remainder when 17800342 is divided by 3797?
6
Calculate the remainder when 67376885 is divided by 710.
15
What is the remainder when 47850321 is divided by 169?
168
Calculate the remainder when 1373868 is divided by 2543.
648
What is the remainder when 1977116 is divided by 494279?
0
Calculate the remainder when 338947 is divided by 13.
11
Calculate the remainder when 316623 is divided by 10550.
123
What is the remainder when 35158727 is divided by 1036?
1031
Calculate the remainder when 8702818 is divided by 12.
10
What is the remainder when 49604799 is divided by 78?
75
Calculate the remainder when 9884331 is divided by 2761.
2712
Calculate the remainder when 3250544 is divided by 1820.
24
Calculate the remainder when 16670 is divided by 3780.
1550
Calculate the remainder when 27958 is divided by 485.
313
What is the remainder when 22813195 is divided by 400?
395
What is the remainder when 78336 is divided by 1912?
1856
What is the remainder when 6223502 is divided by 813?
800
What is the remainder when 5962970 is divided by 11556?
74
What is the remainder when 394608 is divided by 82?
24
What is the remainder when 194052 is divided by 819?
768
Calculate the remainder when 1494144155 is divided by 13.
10
Calculate the remainder when 76388 is divided by 818.
314
Calculate the remainder when 3631411 is divided by 1032.
835
Calculate the remainder when 54801 is divided by 3006.
693
What is the remainder when 3378242 is divided by 337823?
12
Calculate the remainder when 37237 is divided by 5312.
53
Calculate the remainder when 32254445 is divided by 913.
894
Calculate the remainder when 1525503 is divided by 15.
3
Calculate the remainder when 876300 is divided by 41728.
12
Calculate the remainder when 133585 is divided by 1631.
1474
What is the remainder when 11795281 is divided by 7986?
7945
Calculate the remainder when 1908399 is divided by 112219.
676
What is the remainder when 1256370 is divided by 2007?
1995
Calculate the remainder when 214320 is 